y = 48 + s. What is the units digit of y?
1
Let g(w) = -w**3 + 3*w**2 + 5*w + 2. Let p be g(4). Let v(l) = -l**3 + 8*l**2 - 5*l - 7. What is the tens digit of v(p)?
3
Let q = 5928 - 3546. What is the hundreds digit of q?
3
Let n(k) = -k**2 + k - 3. Let q be n(6). Let v be 6/q - 152/11. Let f = 20 + v. What is the units digit of f?
6
Suppose 860 = 8*f - 5*f + 2*u, -5*u - 25 = 0. What is the tens digit of f?
9
Suppose 3*y + 22 = -l, 3*y - 3*l + 20 = -2*l. Let o = y + 13. What is the units digit of o?
6
Let s be 1 - 138/(-21) - (-18)/42. Let b(t) = t**3 - 7*t**2 - 7*t + 2. What is the tens digit of b(s)?
1
Suppose 0 = s + 2 + 2. What is the units digit of s/(-1)*48/3?
4
Let y be (3 + -13)/(3/(-12)). Let s = 42 - y. Suppose -109 + 7 = -s*o. What is the units digit of o?
1
Let j be (-6)/(-4)*18/(-27). Let t = 9 + j. Suppose -5*u - 30 = -t*u. What is the tens digit of u?
1
Let p(j) = j**3 + 13*j**2 + j + 15. Let a be p(-13). Suppose -4*k + 0*i = -a*i - 216, -5*k + 5*i + 260 = 0. What is the tens digit of k?
5
Let a = -2100 + 4312. What is the tens digit of a?
1
Let a(g) = -26*g - 6. Let x be a(-4). Suppose 2*q - 5*n - 103 = 0, 2*q - 6*n + 2*n - x = 0. What is the units digit of q?
9
Suppose 2*b + 6 = 0, -n + 3*b + 289 = 3*n. Let r be 20/n - (-122)/14. What is the tens digit of (-435)/10*(-6)/r?
2
Suppose -3*t - 2*u = -0*t - 751, t - 2*u - 253 = 0. What is the units digit of t?
1
Let f(c) = c**2 + c - 1. Let s(m) = -2*m**2 + 5*m - 3. Let q(t) = 3*f(t) + s(t). Let v be q(-9). Suppose v*l + 5 = 56. What is the tens digit of l?
1
Suppose 7*c - 4591 = -209. What is the units digit of c?
6
Suppose 5*o + 32 = 4*f + 147, 2*f + 85 = -3*o. Let w = 199 + f. What is the tens digit of w?
6
Let t(l) be the second derivative of -l**5/20 - l**4/4 - l**3/6 + 3*l**2/2 - 9*l. What is the units digit of t(-5)?
8
Suppose 5*k - 1690 = 5*p, -105 = -4*k - 4*p + 1263. What is the units digit of k?
0
Let g(a) = -174*a - 60. What is the units digit of g(-6)?
4
Let i(y) = 73*y**2 - 7*y - 6. What is the tens digit of i(-5)?
5
Let t be 846/5 - 2/10. Let h = -90 + t. What is the units digit of h?
9
Let w = 63 - 60. What is the units digit of w?
3
Suppose -75*l + 14*l + 63928 = 0. What is the tens digit of l?
4
Let f(j) = -3*j**3 + 2*j**2 + 2*j - 2. Let n be (1 - 2)*(-2)/(-1). What is the tens digit of f(n)?
2
Let a(b) = 160*b**2 + 5*b + 7. What is the units digit of a(-2)?
7
Suppose -3*y - r + 10726 = 2651, 5*r = 4*y - 10773. What is the units digit of y?
2
Let c(q) = 5*q**2 - 4*q - 9. Let w(x) = -x**2 - 13*x - 15. Let o be w(-12). What is the tens digit of c(o)?
4
Suppose -b = 7*b + 240. What is the units digit of 15/b*(683 - -1)/(-2)?
1
Suppose -370 - 2198 = -2*z. What is the units digit of z?
4
What is the hundreds digit of (-385256)/(-64) - (-3)/8?
0
Let z = -444 - -3584. What is the hundreds digit of z?
1
Suppose 102 = 2*l + b, 2*l + b = 6*b + 114. Let p = l - 16. What is the tens digit of p?
3
What is the units digit of (9 - 34352/(-16)) + 1 + 0?
7
Let j(b) = -b**3 + 12*b**2 - 8*b - 26. Let h be 14 - 4 - (-1)/1. What is the units digit of j(h)?
7
Let o(k) = -163*k - 1. Let q be o(1). Let u be q/8 + (-4)/(-8). What is the tens digit of (21/(-6) + 1)*u?
5
Let y(h) = h + 3. Let r be y(-1). Suppose -3*l + 2 = r*k - 6, 2*k = l. What is the units digit of k?
1
Let l = 2433 + -835. What is the tens digit of l?
9
Suppose -10*p = 16*p - 10946. What is the hundreds digit of p?
4
Let b = 17 + -36. Let g = b + 2. Let y = g + 36. What is the units digit of y?
9
Let v(x) = 10 + 12*x + 21 - 22. What is the tens digit of v(7)?
9
Suppose 0 = 647*j - 653*j + 10104. What is the units digit of j?
4
Let q = -32 - -72. Suppose -q = -r - r. What is the units digit of r?
0
Let n = -67 + -50. Suppose -94 - 231 = 5*r. Let o = r - n. What is the units digit of o?
2
Suppose 2*w - 38 = -4*k - 10, -5*w + 10 = -2*k. Suppose -3*o - 2*o = z + 16, -2*z = -k*o - 28. Suppose -z*a = -4, 7 = 5*s - a - 72. What is the tens digit of s?
1
Let b be (100/35)/((-4)/(-14)). Suppose -r = -3*w + b, 4*w - 24 = 2*r - 6. Let d = r + 27. What is the tens digit of d?
2
Let c be 9204/42 - (-3)/(-21). Let h = -126 + c. What is the units digit of h?
3
Suppose 4*d = -5*n + 1964, -53*n + d = -54*n + 393. What is the hundreds digit of n?
3
Suppose -m = -21 + 35. Let o = m - -76. What is the units digit of o?
2
Let z = -113 - -110. Let p(b) = -b. Let q(k) = 2*k**2 - 11*k. Let v(n) = -6*p(n) + q(n). What is the units digit of v(z)?
3
Let w = 66 + -43. Suppose w*d - 30*d = -1393. What is the hundreds digit of d?
1
What is the tens digit of 1/(10/(-1654))*(-5 + 0)?
2
Suppose 2*l - 2508 = -12*x + 14*x, l - 1269 = -2*x. What is the tens digit of l?
5
What is the tens digit of ((-3186)/(-12))/((-3)/(-4))?
5
Suppose 2*b - s = 0, 2*b + 2*s = -s. Suppose -7*k + k + 90 = b. What is the units digit of k?
5
Suppose 2*f + 3*q = 7, -2*f - f + 2*q = 9. Let s(u) = 68*u**2 - u - 1. What is the units digit of s(f)?
8
Suppose z + 111*y - 110*y - 2597 = 0, 0 = -3*z + 4*y + 7770. What is the tens digit of z?
9
What is the thousands digit of 9770/4*336/280?
2
What is the tens digit of (-4)/6 + 13/((-195)/(-9700))?
4
Let d = 644 + -135. What is the hundreds digit of d?
5
Let m be (-12)/(-14)*14/3. Suppose 0 = -m*t - 19 + 7. What is the units digit of -1 - t - (-15)/3?
7
Let c be (-3 - 0/(-2))*(-3 + 4). What is the units digit of (0 + 166)/(c + 5) - 0?
3
Suppose 3*k + 19 = -2*l, 3*k + 4*l + 17 = 3*l. Let o be (-66)/10 - (-2)/k. What is the tens digit of 7 + ((-6)/2 - o)?
1
Let g(u) = 7*u + 4. Let d be g(-1). What is the units digit of ((5/d)/5)/(6/(-162))?
9
Suppose -l + 244 = 2*s + 26, 2*l - 2*s = 412. Suppose -l = -5*p - f - 4*f, -5*p + f = -222. What is the tens digit of p?
4
Suppose 0 = 3*r - 40 - 17. Let f = -18 + r. What is the units digit of (-2)/f + 22 + 9?
9
What is the thousands digit of 1347 - ((-11 - -9) + 1)?
1
Suppose -40 = 6*j + 56. Let k be j/6*(-15)/4. What is the tens digit of 1/(-2)*-2*k?
1
Let d(k) = 2*k**3 - k**2 + 5*k + 4. What is the units digit of d(3)?
4
Let m(y) = y**2 + 20*y - 4. Let s be m(-21). Let o(u) = -u**3 + 16*u**2 + 21*u + 2. What is the tens digit of o(s)?
7
What is the units digit of 10/4 + 12321/18?
7
Let w = -43 - -7. What is the units digit of (-8)/w - (-655)/9?
3
Let r = 40 - 24. What is the tens digit of (-1)/4 - (-532)/r?
3
Let a = -58 + 49. What is the tens digit of (-12)/(a/((-324)/(-8)))?
5
Let n = 3 - 2. Let v(m) be the second derivative of m**5/2 - m**4/12 + m**3/3 - m**2/2 - 10*m. What is the tens digit of v(n)?
1
Let v(g) = 2*g - 10. Let n be v(7). Suppose h + 10*f = 13*f + 40, -n*f = 3*h - 120. What is the tens digit of h?
4
Suppose 0 = 36*o - 51*o + 19170. What is the units digit of o?
8
Let i = -3129 - -7891. What is the thousands digit of i?
4
Let m(g) = 396*g**2 - g - 1. Let f be m(-1). What is the hundreds digit of 1 - f/(-3) - 1?
1
Let m = 1344 + -847. What is the units digit of m?
7
Let r(m) be the second derivative of 11*m**3/3 - 2*m. Suppose 0*p + 4*p - 5*x = -16, -3*x + 16 = 4*p. What is the tens digit of r(p)?
2
Suppose 3*t + z + 1 = -2*t, 0 = -4*t + 3*z + 3. Suppose 2*g - 196 = -t*g. Suppose -5*j = -2*q - g, -40 = -j - j + q. What is the tens digit of j?
1
Suppose -5*l + 1723 = -2*j, l - 343 = j + j. What is the units digit of (l/6)/5*6?
9
Suppose 3*m - 3515 = k, m + 3*k - 1483 = -308. What is the units digit of m?
2
Let b = 2848 - 1633. What is the units digit of b?
5
Suppose 30 = 6*p - 4*p. Let a(v) = v - 10. Let t be a(p). Let k = 7 - t. What is the units digit of k?
2
Let n be 8 + (-3)/(-1)*-1. Suppose n*q - 7 - 3 = 0. Suppose -3*x = -35 + q. What is the tens digit of x?
1
Let b be (-496)/(-3) - 44/33. Suppose -h - 3*h = -b. Suppose h = 7*s - 197. What is the tens digit of s?
3
Let v be (-1 + 7)*(-3)/(-2). Let c be v/(-3) + (7 - -3). Let q = c + 7. What is the units digit of q?
4
Let y(j) = j**2 + 8*j + 11. Let m be y(-3). What is the tens digit of (-67)/(-6) + m/24?
1
Suppose -2 = -5*g + 23. Suppose -g*m = -2*w + 14 + 15, 2*m + 34 = 4*w. What is the units digit of w?
7
Let s(p) be the third derivative of -p**6/360 + p**5/30 + p**3/2 + 3*p**2. Let w(n) be the first derivative of s(n). What is the units digit of w(2)?
4
Let x(f) = 7*f**2 + 18*f + 5. Let q(p) = 8*p**2 + 19*p + 5. Let s